-7)?
12
Let g(m) = 4*m + 16. Give g(-11).
-28
Let g(u) = 10*u**2 + 1. Determine g(2).
41
Let f(h) = -6*h**3 - 37*h**2 + 4*h - 5. Give f(-6).
-65
Let s(x) = -7*x + 7. What is s(3)?
-14
Let n(s) = 24*s - 4. Calculate n(2).
44
Let d(f) = f**3 + 6*f**2 - 15*f + 11. What is d(-8)?
3
Let q(n) = 3*n - 25. Calculate q(10).
5
Let c(f) = f**2 + 20*f + 62. Determine c(-17).
11
Let w(p) = 2*p**3 + 2*p**2 + 3*p + 1. Give w(3).
82
Let n(r) = -r**3 + 6. Give n(3).
-21
Let v(b) = 42*b**3 + 2*b**2 - 3*b + 2. Give v(1).
43
Let q(n) = n**2 + 2*n - 31. Give q(-10).
49
Let y(v) = v**2 + 31*v + 86. What is y(-28)?
2
Let h(z) = -6*z - 34. What is h(-5)?
-4
Let h(r) = -r**2 + 4*r + 120. Give h(-8).
24
Let x(m) = -m**3 + 7*m**2 - 3*m + 14. Give x(5).
49
Let v(x) = 2*x - 26. What is v(11)?
-4
Let t(x) = -6*x + 6. Give t(3).
-12
Let b(l) = 229*l + 2064. Calculate b(-9).
3
Let i(o) = -2*o**3 + 50*o**2 - 30*o - 426. Give i(24).
6
Let s(f) = 57*f + 385. Determine s(-7).
-14
Let j(z) = -13*z - 1. Give j(1).
-14
Let o(v) = v**2 + 14*v + 37. Determine o(-4).
-3
Let d(j) = -j**3 - 23*j**2 + 54*j + 98. Give d(-25).
-2
Let b(t) = -2*t**3 - 2*t**2 - 3*t + 5. Calculate b(2).
-25
Let l(v) = -49*v + 155. Give l(3).
8
Let o(a) = -10*a**2 + 53*a - 1. Give o(5).
14
Let v(q) = q**3 - 18*q**2 + 31*q + 14. Calculate v(16).
-2
Let o(s) = -27*s**2 - 730*s - 18. Determine o(-27).
9
Let t(b) = b - 3. Give t(-4).
-7
Let u(q) = -q**2 + 3*q - 6. What is u(2)?
-4
Let m(z) = -z**3 + z**2 + 2*z - 43. Determine m(0).
-43
Let j(i) = i**3 + 3*i**2 - 4*i + 3. Give j(-4).
3
Let f(t) = t - 13. Calculate f(-5).
-18
Let h(o) = o**3 + 6*o**2 + 5*o + 3. What is h(-5)?
3
Let t(u) = u**2 + 9*u - 14. Give t(4).
38
Let w(d) = d**3 - 5*d**2 - 6*d - 1. Determine w(6).
-1
Let g(d) = -9*d + 197. What is g(22)?
-1
Let m(a) = a**2 + 7*a - 28. Determine m(-10).
2
Let r(k) = -3*k**3 - 21*k**2 - 9*k - 19. What is r(-6)?
-73
Let y(i) = 3*i**2 + 32*i + 39. Determine y(-9).
-6
Let s(q) = 10*q**2 + 7*q + 1. What is s(-3)?
70
Let w(x) = -x**2 - 2*x + 227. Determine w(-16).
3
Let q(a) = a**2 + 11*a - 39. Determine q(-15).
21
Let d(n) = -n**3 + 12*n**2 - 10*n + 2. Determine d(11).
13
Let x(j) = 4*j - 7. Give x(-7).
-35
Let n(q) = 4*q - 15. Calculate n(7).
13
Let q(x) = 13*x**2 - 9*x + 3. What is q(3)?
93
Let s(n) = -n**3 + 6*n**2 - 3*n + 15. Calculate s(6).
-3
Let r(t) = 3*t + 59. Give r(-12).
23
Let h(r) = -18*r + 1. Give h(-1).
19
Let h(m) = 4*m - 12. Give h(12).
36
Let g(x) = x - 28. What is g(12)?
-16
Let n(h) = h**2 - 13*h - 69. Determine n(17).
-1
Let l(d) = -d**3 - 14*d**2 + 2*d + 15. What is l(-14)?
-13
Let b(q) = 16*q**3 + 2*q**2 - q - 2. What is b(-1)?
-15
Let u(n) = -n**2 + n + 7. Calculate u(0).
7
Let v(f) = -f**2 - 3. Calculate v(3).
-12
Let t(v) = 19*v - 1. Give t(1).
18
Let w(u) = -u**3 + 16*u**2 + 81*u - 17. Give w(20).
3
Let i(q) = q**2 - 13*q + 41. What is i(3)?
11
Let g(s) = 20*s. Calculate g(-2).
-40
Let u(j) = 2*j**2 + 11*j + 10. What is u(-5)?
5
Let v(a) = 4*a**2 - 11*a + 27. What is v(3)?
30
Let y(l) = l + 2. Give y(-8).
-6
Let d(o) = -o**3 + 6*o**2 - o + 3. Determine d(4).
31
Let s(d) = 3*d - 1. Determine s(-3).
-10
Let y(g) = 11*g - 110. Calculate y(10).
0
Let d(z) = 97*z + 381. Calculate d(-4).
-7
Let s(b) = -b**2 + 9*b - 6. Determine s(8).
2
Let v(z) = -z**3 + 11*z**2 - 13*z + 4. What is v(10)?
-26
Let z(b) = b**2 - 22*b - 28. Calculate z(23).
-5
Let t(k) = 4*k**2 - 4*k - 2. What is t(-1)?
6
Let a(m) = -m - 8. Give a(2).
-10
Let r(h) = -h + 8. What is r(-17)?
25
Let w(i) = -i**3 + 13*i**2 + 5*i - 44. Calculate w(13).
21
Let p(c) = 2*c. What is p(3)?
6
Let n(y) = 4*y + 7. Give n(6).
31
Let t(u) = 3*u - 7. Determine t(3).
2
Let o(j) = j + 11. Determine o(12).
23
Let d(w) = w**2 + 8*w - 8. Calculate d(-10).
12
Let b(f) = f**3 + f**2 - 2*f - 2. Give b(3).
28
Let p(t) = 2*t - 43. What is p(24)?
5
Let a(t) = -t**2 + 16*t - 31. What is a(9)?
32
Let x(j) = -j**2 - 14*j - 40. Calculate x(-8).
8
Let p(l) = -6*l + 86. Determine p(13).
8
Let r(h) = -2*h**3 + 21*h**2 + 11*h + 6. Calculate r(11).
6
Let c(n) = -n**2 + 46*n - 128. Calculate c(43).
1
Let s(n) = n**2 + 7*n + 9. Determine s(-7).
9
Let b(g) = -6*g**2 + 26*g - 9. Give b(4).
-1
Let w(c) = 2*c - 25. Give w(9).
-7
Let t(x) = 25*x**2 - 1. Calculate t(-1).
24
Let s(w) = 5*w + 2. Determine s(5).
27
Let w(a) = 5*a - 135. What is w(26)?
-5
Let s(x) = -x**2 - 68. Calculate s(-9).
-149
Let l(r) = -r**2 - 8*r + 26. What is l(-11)?
-7
Let l(n) = n**3 + 9*n**2 + 8*n - 1. What is l(-7)?
41
Let m(f) = -f**3 + 10*f**2 + 4. Give m(10).
4
Let y(g) = -4*g**2 + 29*g - 27. Give y(6).
3
Let c(t) = -t**3 - 9*t**2 + 8*t - 16. Calculate c(-10).
4
Let p(b) = -2*b + 15. Determine p(10).
-5
Let q(l) = 4*l + 10. Give q(-7).
-18
Let y(p) = 6*p + 113. Determine y(-17).
11
Let b(z) = z**2 + 3*z - 115. What is b(8)?
-27
Let k(y) = -2*y**2 + 27*y + 145. Determine k(-5).
-40
Let j(i) = i**2 - 3. What is j(0)?
-3
Let b(n) = 2*n**2 - n + 1. What is b(2)?
7
Let r(h) = -6*h - 134. Give r(-23).
4
Let y(t) = -t**3 + 2*t**2 + 2*t - 1. Calculate y(3).
-4
Let d(y) = -73*y**3 - y. Determine d(-1).
74
Let o(b) = 2*b**3 + 8*b**2 - 5*b - 10. Calculate o(-4).
10
Let f(a) = -2*a**2 - 7*a - 17. What is f(-7)?
-66
Let j(q) = q**2 - 35*q + 271. Give j(12).
-5
Let c(m) = m**3 + 19*m**2 + 24*m + 95. Calculate c(-18).
-13
Let w(q) = -q**3 + 64*q**2 - 57*q - 373. Give w(63).
5
Let u(l) = 2*l**3 - 2*l**2 + 1. What is u(2)?
9
Let j(p) = 2*p - 19. What is j(13)?
7
Let b(y) = 2*y**2 + 16*y + 6. Determine b(-7).
-8
Let l(i) = 46*i + 11. Calculate l(-1).
-35
Let j(i) = -6*i**2 - 42*i + 14. Give j(-7).
14
Let d(x) = -x**2 - 3*x + 2. What is d(-1)?
4
Let o(y) = -y**2 + 17*y + 96. Calculate o(-5).
-14
Let l(b) = 2*b**2 - 12*b - 8. Calculate l(6).
-8
Let v(z) = -3*z - 24. Give v(-9).
3
Let a(f) = 13*f - 28. Determine a(-8).
-132
Let a(w) = 21*w + 3. What is a(-2)?
-39
Let t(b) = -b**3 + 3*b**2 + 11*b - 4. What is t(5)?
1
Let z(x) = 3*x**2 - 3*x + 21. Give z(6).
111
Let k(m) = -4*m + 79. Determine k(22).
-9
Let w(x) = -21*x**3 - 16*x**2 + 19*x - 3. Determine w(1).
-21
Let y(c) = -2*c - 9. Calculate y(-6).
3
Let x(o) = 38*o - 25. Calculate x(1).
13
Let v(a) = 5*a + 10. Determine v(-3).
-5
Let k(p) = -p**2 - 2*p + 14. Give k(0).
14
Let d(n) = -12*n - 1. What is d(3)?
-37
Let p(j) = j**3 + 2*j + 9. Calculate p(0).
9
Let v(y) = 2*y**2 - y - 5. Determine v(4).
23
Let m(w) = -w**2 + 4*w + 14. Determine m(7).
-7
Let u(y) = 5*y - 5. Give u(2).
5
Let g(t) = -t**2 - t + 11. Give g(-9).
-61
Let n(h) = h**3 - 17*h**2 + 15*h + 1. Determine n(16).
-15
Let i(c) = -24*c**3 + 2*c + 1. Determine i(-1).
23
Let c(t) = t**3 - 19*t**2 + 31*t + 26. Determine c(17).
-25
Let j(n) = n**2 - 3*n - 156. Determine j(14).
-2
Let x(t) = -t**3 + 5*t**2 - 3*t + 5. Give x(4).
9
Let o(f) = -2*f**2 - 14*f - 3. Determine o(-6).
9
Let t(v) = v + 21. Determine t(-16).
5
Let u(y) = -y + 1. What is u(-6)?
7
Let i(v) = 2*v + 17. What is i(15)?
47
Let a(g) = -g**3 + 8*g**2 - 11. Determine a(8).
-11
Let j(z) = 2*z - 6. What is j(0)?
-6
Let y(j) = j**2 - 13*j + 16. Determine y(7).
-26
Let w(i) = -19*i + 2. What is w(4)?
-74
Let p(g) = 2*g**3 - 11*g**2 - 7*g. What is p(6)?
-6
Let k(c) = 2*c + 12. Give k(-6).
0
Let v(p) = -8*p**2 - p + 2. Calculate v(1).
-7
Let g(x) = x**2 - 14*x + 4. Determine g(9).
-41
Let y(o) = -o**2 + 39*o - 82. Calculate y(37).
-8
Let n(z) = -z**2 - z. Give n(-4).
-12
Let y(d) = -51*d**2 - 1. Give y(-1).
-52
Let p(b) = -14*b - 8. What is p(3)?
-50
Let l(h) = 19*h + 32. Give l(-3).
-25
Let q(n) = 30*n. Calculate q(-1).
-30
Let u(y) = -y**3 - 5*y**2 + 6*y + 17. Give u(-5).
-13
Let k(d) = -d**2 - 9*d + 25. Calculate k(-11).
3
Let x(a) = a**2 - 3*a - 4. Calculate x(4).
0
Let o(i) = i**3 + 22*i**2 + 9. Determine o(-22).
9
Let g(n) = -15*n**3 + 3*n**2 - 5*n. What is g(2)?
-118
Let k(i) = i**3 + 6*i**2 + 5*i - 4. What is k(-5)?
-4
Let q(a) = 2*a**3 - 3*a + 3. Determine q(2).
13
Let h(j) = j**3 - 17*j**2 + 16*j - 11. Determine h(16).
-11
Let t(i) = -3*i + 9. Determine t(4).
-3
Let d(t) = t - 13. Give d(10).
-3
Let m(a) = a + 1. Determine m(0).
1
Let w(a) = 81*a + 240. Give w(-3).
-3
Let d(n) = -3*n - 20. Give d(-6).
-2
Let w(z) = z**3 + 7*z**2 - 9. What is w(-4)?
39
Let a(y) = 10*y**2 - y - 2. What is a(-2)?
40
Let t(y) = y**2 - y. What is t(0)?
0
L